{"id":4,"date":"2010-11-22T15:05:24","date_gmt":"2010-11-22T15:05:24","guid":{"rendered":"http:\/\/tmp.segarattan.se\/wordpress\/?page_id=4"},"modified":"2022-07-17T15:58:00","modified_gmt":"2022-07-17T15:58:00","slug":"start","status":"publish","type":"page","link":"http:\/\/www.segarattan.se\/","title":{"rendered":""},"content":{"rendered":"<h3 style=\"text-align: left;\">Sega R\u00e5ttan, f\u00f6r dig som \u00e4lskar godis \ud83d\ude42<\/h3>\n<p><a href=\"http:\/\/www.segarattan.se\/wp-content\/uploads\/2010\/11\/liten_ratta.jpg\"><img loading=\"lazy\" class=\"alignright size-full wp-image-68\" title=\"liten_ratta\" src=\"http:\/\/www.segarattan.se\/wp-content\/uploads\/2010\/11\/liten_ratta.jpg\" alt=\"\" width=\"200\" height=\"200\" srcset=\"http:\/\/www.segarattan.se\/wp-content\/uploads\/2010\/11\/liten_ratta.jpg 200w, http:\/\/www.segarattan.se\/wp-content\/uploads\/2010\/11\/liten_ratta-150x150.jpg 150w\" sizes=\"(max-width: 200px) 100vw, 200px\" \/><\/a><\/p>\n<p>Ni hittar oss vid Vasaplan, n\u00e4rmare best\u00e4mt\u00a0 i h\u00f6rnet av Vasagatan &#8211; Skolgatan.\u00a0Butiken ligger i &#8221;Bl\u00e5a huset&#8221;,\u00a0 ett av Ume\u00e5s vackraste\u00a0hus!<\/p>\n<p>Sega R\u00e5ttan \u00e4r den lilla kiosk med det stora utbudet! V\u00e5r aff\u00e4rsid\u00e9 \u00e4r att s\u00e4lja godis, l\u00e4sk, tobak, eng\u00e5ngs-vapes, vapes-starkit och E-juicer! Saknar du n\u00e5got eller \u00e4r ute efter ett speciell m\u00e4rke, tveka inte att fr\u00e5ga oss om hj\u00e4lp! Vi g\u00f6r ink\u00f6psresor f\u00f6r att st\u00e4ndigt kunna erbjuda dig nyheterna p\u00e5 marknaden samtidigt som vi sj\u00e4lvklart har alla klassiker som t ex sega r\u00e5ttor!<\/p>\n<p>Vi har \u00f6ppet (n\u00e4stan) alla dagar p\u00e5 \u00e5ret!<\/p>\n<p>M\u00e5ndag-torsdag \u00f6ppnar vi 09:00 och st\u00e4nger tidigast 21:30.<\/p>\n<p>Fredagar \u00f6ppnar vi 09:00 och st\u00e4nger tidigast 22:30.<\/p>\n<p>L\u00f6rdagar \u00f6ppnar vi 10:00 och st\u00e4nger tidigast 22:30.<\/p>\n<p>S\u00f6ndagar \u00f6ppnar vi 12:00 och st\u00e4nger tidigast 18:30.<\/p>\n<p>(Avvikelser kan f\u00f6rekomma i samband med helger och h\u00f6gtider)<\/p>\n<p>Vi h\u00e4lsar alla godis\u00e4lskare v\u00e4lkomna, gammal som ung !<\/p>\n<p style=\"text-align: left;\"><em>Lars, Madde, Emelina.<\/em><\/p>\n<p style=\"text-align: left;\">&#8221;Sega R\u00e5ttan, f\u00f6r dig som \u00e4lskar godis&#8221;<\/p>\n<p style=\"text-align: left;\">.<\/p>\n<p style=\"text-align: left;\">.<\/p>\n<p style=\"text-align: right;\">F\u00f6lj oss p\u00e5 Instagram!<\/p>\n<p style=\"text-align: right;\">(direktl\u00e4nk &#8211; klicka p\u00e5 bilden nedan)<\/p>\n<style><!-- .ig-b- { display: inline-block; } .ig-b- img { visibility: hidden; } .ig-b-:hover { background-position: 0 -60px; } .ig-b-:active { background-position: 0 -120px; } .ig-b-32 { width: 32px; height: 32px; background: url(\/\/badges.instagram.com\/static\/images\/ig-badge-sprite-32.png) no-repeat 0 0; } @media only screen and (-webkit-min-device-pixel-ratio: 2), only screen and (min--moz-device-pixel-ratio: 2), only screen and (-o-min-device-pixel-ratio: 2 \/ 1), only screen and (min-device-pixel-ratio: 2), only screen and (min-resolution: 192dpi), only screen and (min-resolution: 2dppx) { .ig-b-32 { background-image: url(\/\/badges.instagram.com\/static\/images\/ig-badge-sprite-32@2x.png); background-size: 60px 178px; } } --><\/style>\n<div style=\"width: 97px\" class=\"wp-caption alignright\"><a class=\"ig-b- ig-b-32\" href=\"http:\/\/instagram.com\/segarattan?ref=badge\"><img loading=\"lazy\" src=\"\/\/badges.instagram.com\/static\/images\/ig-badge-32.png\" alt=\"Instagram\" width=\"87\" height=\"29\" \/><\/a><p class=\"wp-caption-text\">Instagram<\/p><\/div>\n<p style=\"text-align: right;\"><a title=\"F\u00f6lj oss p\u00e5 facebook\" href=\"https:\/\/www.facebook.com\/segarattaniumea\" target=\"_blank\" rel=\"noopener noreferrer\">.<\/a><\/p>\n<p style=\"text-align: right;\"><a title=\"F\u00f6lj oss p\u00e5 facebook\" href=\"https:\/\/www.facebook.com\/segarattaniumea\" target=\"_blank\" rel=\"noopener noreferrer\">F\u00f6lj oss p\u00e5 facebook<\/a><\/p>\n<p style=\"text-align: right;\"><a title=\"Sega R\u00e5ttan p\u00e5 Facebook\" href=\"https:\/\/www.facebook.com\/segarattaniumea\" target=\"_blank\" rel=\"noopener noreferrer\"><img loading=\"lazy\" class=\"size-full wp-image-152 alignright\" src=\"http:\/\/www.segarattan.se\/wp-content\/uploads\/2013\/08\/images-e1377066714503.jpg\" alt=\"images\" width=\"150\" height=\"61\" \/><\/a><\/p>\n<div><\/div>\n","protected":false},"excerpt":{"rendered":"<p>Sega R\u00e5ttan, f\u00f6r dig som \u00e4lskar godis \ud83d\ude42 Ni hittar oss vid Vasaplan, n\u00e4rmare best\u00e4mt\u00a0 i h\u00f6rnet av Vasagatan &#8211; Skolgatan.\u00a0Butiken ligger i &#8221;Bl\u00e5a huset&#8221;,\u00a0 ett av Ume\u00e5s vackraste\u00a0hus! Sega R\u00e5ttan \u00e4r den lilla kiosk med det stora utbudet! V\u00e5r aff\u00e4rsid\u00e9 \u00e4r att s\u00e4lja godis, l\u00e4sk, tobak, eng\u00e5ngs-vapes, vapes-starkit och E-juicer! Saknar du n\u00e5got eller [&hellip;]<\/p>\n","protected":false},"author":1,"featured_media":0,"parent":0,"menu_order":10,"comment_status":"closed","ping_status":"open","template":"","meta":[],"_links":{"self":[{"href":"http:\/\/www.segarattan.se\/index.php?rest_route=\/wp\/v2\/pages\/4"}],"collection":[{"href":"http:\/\/www.segarattan.se\/index.php?rest_route=\/wp\/v2\/pages"}],"about":[{"href":"http:\/\/www.segarattan.se\/index.php?rest_route=\/wp\/v2\/types\/page"}],"author":[{"embeddable":true,"href":"http:\/\/www.segarattan.se\/index.php?rest_route=\/wp\/v2\/users\/1"}],"replies":[{"embeddable":true,"href":"http:\/\/www.segarattan.se\/index.php?rest_route=%2Fwp%2Fv2%2Fcomments&post=4"}],"version-history":[{"count":75,"href":"http:\/\/www.segarattan.se\/index.php?rest_route=\/wp\/v2\/pages\/4\/revisions"}],"predecessor-version":[{"id":663,"href":"http:\/\/www.segarattan.se\/index.php?rest_route=\/wp\/v2\/pages\/4\/revisions\/663"}],"wp:attachment":[{"href":"http:\/\/www.segarattan.se\/index.php?rest_route=%2Fwp%2Fv2%2Fmedia&parent=4"}],"curies":[{"name":"wp","href":"https:\/\/api.w.org\/{rel}","templated":true}]}}